are the prime factors of 1569?
3, 523
What are the prime factors of 66315?
3, 5, 4421
What are the prime factors of 4270?
2, 5, 7, 61
List the prime factors of 761.
761
What are the prime factors of 3175?
5, 127
List the prime factors of 1666.
2, 7, 17
What are the prime factors of 2987?
29, 103
List the prime factors of 10134.
2, 3, 563
List the prime factors of 4087.
61, 67
List the prime factors of 12291.
3, 17, 241
List the prime factors of 26871.
3, 13, 53
What are the prime factors of 3805?
5, 761
What are the prime factors of 2626?
2, 13, 101
List the prime factors of 41949.
3, 59, 79
What are the prime factors of 1150?
2, 5, 23
List the prime factors of 247.
13, 19
List the prime factors of 12327.
3, 7, 587
What are the prime factors of 103420?
2, 5, 5171
List the prime factors of 4909.
4909
What are the prime factors of 5650?
2, 5, 113
List the prime factors of 22319.
11, 2029
What are the prime factors of 2977?
13, 229
List the prime factors of 69.
3, 23
What are the prime factors of 10980?
2, 3, 5, 61
What are the prime factors of 3453?
3, 1151
What are the prime factors of 713?
23, 31
What are the prime factors of 1979?
1979
What are the prime factors of 1074?
2, 3, 179
List the prime factors of 471.
3, 157
List the prime factors of 29150.
2, 5, 11, 53
What are the prime factors of 8926?
2, 4463
What are the prime factors of 75544?
2, 7, 19, 71
What are the prime factors of 822?
2, 3, 137
List the prime factors of 2943.
3, 109
What are the prime factors of 47099?
13, 3623
List the prime factors of 30425.
5, 1217
What are the prime factors of 21741?
3, 7247
What are the prime factors of 16169?
19, 23, 37
List the prime factors of 71029.
7, 73, 139
List the prime factors of 21489.
3, 13, 19, 29
List the prime factors of 1046.
2, 523
What are the prime factors of 6491?
6491
List the prime factors of 26590.
2, 5, 2659
List the prime factors of 28373.
17, 1669
What are the prime factors of 555?
3, 5, 37
What are the prime factors of 106346?
2, 53173
What are the prime factors of 1066?
2, 13, 41
What are the prime factors of 12811?
23, 557
List the prime factors of 9566.
2, 4783
List the prime factors of 33329.
33329
What are the prime factors of 3960?
2, 3, 5, 11
What are the prime factors of 6624?
2, 3, 23
What are the prime factors of 10465?
5, 7, 13, 23
What are the prime factors of 6540?
2, 3, 5, 109
List the prime factors of 6519.
3, 41, 53
List the prime factors of 310.
2, 5, 31
What are the prime factors of 11075?
5, 443
What are the prime factors of 2344?
2, 293
List the prime factors of 17875.
5, 11, 13
What are the prime factors of 9755?
5, 1951
What are the prime factors of 182?
2, 7, 13
What are the prime factors of 69800?
2, 5, 349
List the prime factors of 141344.
2, 7, 631
What are the prime factors of 3010?
2, 5, 7, 43
List the prime factors of 70544.
2, 4409
What are the prime factors of 657?
3, 73
What are the prime factors of 2199?
3, 733
What are the prime factors of 327?
3, 109
List the prime factors of 32226.
2, 3, 41, 131
List the prime factors of 779.
19, 41
What are the prime factors of 5644?
2, 17, 83
List the prime factors of 38021.
193, 197
List the prime factors of 382.
2, 191
List the prime factors of 1153.
1153
What are the prime factors of 4472?
2, 13, 43
List the prime factors of 1620.
2, 3, 5
What are the prime factors of 5258?
2, 11, 239
What are the prime factors of 3314?
2, 1657
What are the prime factors of 260?
2, 5, 13
What are the prime factors of 6934?
2, 3467
What are the prime factors of 10456?
2, 1307
What are the prime factors of 3126?
2, 3, 521
What are the prime factors of 19946?
2, 9973
What are the prime factors of 131645?
5, 113, 233
List the prime factors of 767.
13, 59
What are the prime factors of 73653?
3, 24551
List the prime factors of 26074.
2, 13037
What are the prime factors of 89158?
2, 44579
List the prime factors of 5709.
3, 11, 173
List the prime factors of 58.
2, 29
What are the prime factors of 716?
2, 179
List the prime factors of 14974.
2, 7487
List the prime factors of 6834.
2, 3, 17, 67
List the prime factors of 714.
2, 3, 7, 17
List the prime factors of 6201.
3, 13, 53
What are the prime factors of 68221?
17, 4013
List the prime factors of 1428.
2, 3, 7, 17
List the prime factors of 22798.
2, 11399
List the prime factors of 5705.
5, 7, 163
What are the prime factors of 158?
2, 79
List the prime factors of 4920.
2, 3, 5, 41
What are the prime factors of 64315?
5, 19, 677
List the prime factors of 517.
11, 47
What are the prime factors of 208?
2, 13
List the prime factors of 5811.
3, 13, 149
What are the prime factors of 3153?
3, 1051
List the prime factors of 691.
691
What are the prime factors of 65874?
2, 3, 10979
List the prime factors of 3991.
13, 307
What are the prime factors of 23784?
2, 3, 991
List the prime factors of 953.
953
List the prime factors of 1897.
7, 271
What are the prime factors of 11421?
3, 47
List the prime factors of 41197.
13, 3169
List the prime factors of 44423.
31, 1433
List the prime factors of 17063.
113, 151
What are the prime factors of 2159?
17, 127
List the prime factors of 3519.
3, 17, 23
What are the prime factors of 47387?
47387
What are the prime factors of 102469?
43, 2383
What are the prime factors of 27461?
7, 3923
What are the prime factors of 9624?
2, 3, 401
What are the prime factors of 11372?
2, 2843
List the prime factors of 59870.
2, 5, 5987
List the prime factors of 5720.
2, 5, 11, 13
What are the prime factors of 488?
2, 61
What are the prime factors of 567?
3, 7
List the prime factors of 29107.
13, 2239
List the prime factors of 5556.
2, 3, 463
What are the prime factors of 2068?
2, 11, 47
List the prime factors of 725.
5, 29
List the prime factors of 1207.
17, 71
What are the prime factors of 15?
3, 5
What are the prime factors of 1098?
2, 3, 61
What are the prime factors of 2990?
2, 5, 13, 23
List the prime factors of 28392.
2, 3, 7, 13
List the prime factors of 4043.
13, 311
List the prime factors of 36627.
3, 29, 421
List the prime factors of 682.
2, 11, 31
List the prime factors of 4496.
2, 281
List the prime factors of 97162.
2, 13, 37, 101
What are the prime factors of 58400?
2, 5, 73
What are the prime factors of 32993?
32993
List the prime factors of 45241.
7, 23, 281
What are the prime factors of 100458?
2, 3, 5581
What are the prime factors of 2957?
2957
What are the prime factors of 583?
11, 53
What are the prime factors of 3410?
2, 5, 11, 31
List the prime factors of 607.
607
What are the prime factors of 486?
2, 3
What are the prime factors of 1703?
13, 131
List the prime factors of 27722.
2, 83, 167
List the prime factors of 7774.
2, 13, 23
List the prime factors of 3616.
2, 113
List the prime factors of 1203.
3, 401
List the prime factors of 1001.
7, 11, 13
What are the prime factors of 631?
631
List the prime factors of 3426.
2, 3, 571
What are the prime factors of 4335?
3, 5, 17
What are the prime factors of 20678?
2, 7, 211
What are the prime factors of 26006?
2, 13003
List the prime factors of 119750.
2, 5, 479
What are the prime factors of 13805?
5, 11, 251
What are the prime factors of 40086?
2, 3, 17, 131
List the prime factors of 1293.
3, 431
What are the prime factors of 53236?
2, 13309
List the prime factors of 872.
2, 109
List the prime factors of 1419.
3, 11, 43
List the prime factors of 329.
7, 47
What are the prime factors of 1127?
7, 23
What are the prime factors of 8444?
2, 2111
What are the prime factors of 37845?
3, 5, 29
What are the prime factors of 696?
2, 3, 29
List the prime factors of 993.
3, 331
List the prime factors of 214.
2, 107
What are the prime factors of 10754?
2, 19, 283
List the prime factors of 1659.
3, 7, 79
What are the prime factors of 3555?
3, 5, 79
What are the prime factors of 412?
2, 103
List the prime factors of 36900.
2, 3, 5, 41
List the prime factors of 5226.
2, 3, 13, 67
What are the prime factors of 141?
3, 47
List the prime factors of 1278.
2, 3, 71
What are the prime factors of 8157?
3, 2719
List the prime factors of 540.
2, 3, 5
What are the prime factors of 109761?
3, 36587
List the prime factors of 1415.
5, 283
List the prime factors of 56286.
2, 3, 53, 59
List the prime factors of 24013.
11, 37, 59
What are the prime factors of 1082?
2, 541
Wh